{"id":646,"date":"2024-09-09T13:08:43","date_gmt":"2024-09-09T13:08:43","guid":{"rendered":"https:\/\/grenier-isis.com\/?post_type=product&#038;p=646"},"modified":"2025-02-27T19:21:09","modified_gmt":"2025-02-27T19:21:09","slug":"bracelet-obsidienne-flocon-de-neige","status":"publish","type":"product","link":"https:\/\/grenier-isis.com\/?product=bracelet-obsidienne-flocon-de-neige","title":{"rendered":"Bracelet SNOWFLAKE"},"content":{"rendered":"<p><strong>Bracelet en perles d&#8217;obsidienne &#8220;flocon de neige&#8221;.<\/strong><\/p>\n<p>L&#8217;obsidienne &#8220;flocon de neige&#8221; est une pierre naturelle puissante qui <span class=\"BxUVEf ILfuVd\" lang=\"fr\"><span class=\"hgKElc\"><b>apporte l&#8217;\u00e9quilibre du corps, de l&#8217;esprit et de l&#8217;\u00e2me et <\/b>supprime les angoisse,\u00a0 les blocages. Aide \u00e0 <strong>surmonter les traumatismes<\/strong>. Renforce les capacit\u00e9s d&#8217;isolement.<br \/>\n<\/span><\/span><\/p>\n<p><strong>L&#8217;Obsidienne Neige<\/strong><\/p>\n<ul>\n<li>L&#8217;Obsidienne neige \u00e9galement appel\u00e9 obsidienne mouchet\u00e9e ou obsidienne \u00e9toil\u00e9e ou Flocon\u00a0 est similaire \u00e0 l&#8217;obsidienne noire avec effets un peu moins prononc\u00e9s. Elle se place sur le chakra de base ,elle agit comme un bouclier contre les \u00e9nergies n\u00e9gatives. C&#8217;est la pierre pour l&#8217;\u00e9quilibre entre le mat\u00e9riel et le spirituel.<\/li>\n<\/ul>\n<p>Pierre d&#8217;ancrage, elle procure un sentiment de paix et de calme lorsqu&#8217;elle est utilis\u00e9e sur le chakra du troisi\u00e8me oeil.<\/p>\n<p>Diam\u00e8tre bracelet S (petit) \/ 16-17-cm<br \/>\nDiam\u00e8tre perle : 8 mm<\/p>\n","protected":false},"excerpt":{"rendered":"<p><strong>Bracelet de protection en perles de pierres naturelles.<\/strong><\/p>\n","protected":false},"featured_media":635,"comment_status":"open","ping_status":"closed","template":"","meta":{"ocean_post_layout":"","ocean_both_sidebars_style":"","ocean_both_sidebars_content_width":0,"ocean_both_sidebars_sidebars_width":0,"ocean_sidebar":"0","ocean_second_sidebar":"0","ocean_disable_margins":"enable","ocean_add_body_class":"","ocean_shortcode_before_top_bar":"","ocean_shortcode_after_top_bar":"","ocean_shortcode_before_header":"","ocean_shortcode_after_header":"","ocean_has_shortcode":"","ocean_shortcode_after_title":"","ocean_shortcode_before_footer_widgets":"","ocean_shortcode_after_footer_widgets":"","ocean_shortcode_before_footer_bottom":"","ocean_shortcode_after_footer_bottom":"","ocean_display_top_bar":"default","ocean_display_header":"default","ocean_header_style":"","ocean_center_header_left_menu":"0","ocean_custom_header_template":"0","ocean_custom_logo":0,"ocean_custom_retina_logo":0,"ocean_custom_logo_max_width":0,"ocean_custom_logo_tablet_max_width":0,"ocean_custom_logo_mobile_max_width":0,"ocean_custom_logo_max_height":0,"ocean_custom_logo_tablet_max_height":0,"ocean_custom_logo_mobile_max_height":0,"ocean_header_custom_menu":"0","ocean_menu_typo_font_family":"0","ocean_menu_typo_font_subset":"","ocean_menu_typo_font_size":0,"ocean_menu_typo_font_size_tablet":0,"ocean_menu_typo_font_size_mobile":0,"ocean_menu_typo_font_size_unit":"px","ocean_menu_typo_font_weight":"","ocean_menu_typo_font_weight_tablet":"","ocean_menu_typo_font_weight_mobile":"","ocean_menu_typo_transform":"","ocean_menu_typo_transform_tablet":"","ocean_menu_typo_transform_mobile":"","ocean_menu_typo_line_height":0,"ocean_menu_typo_line_height_tablet":0,"ocean_menu_typo_line_height_mobile":0,"ocean_menu_typo_line_height_unit":"","ocean_menu_typo_spacing":0,"ocean_menu_typo_spacing_tablet":0,"ocean_menu_typo_spacing_mobile":0,"ocean_menu_typo_spacing_unit":"","ocean_menu_link_color":"","ocean_menu_link_color_hover":"","ocean_menu_link_color_active":"","ocean_menu_link_background":"","ocean_menu_link_hover_background":"","ocean_menu_link_active_background":"","ocean_menu_social_links_bg":"","ocean_menu_social_hover_links_bg":"","ocean_menu_social_links_color":"","ocean_menu_social_hover_links_color":"","ocean_disable_title":"default","ocean_disable_heading":"default","ocean_post_title":"","ocean_post_subheading":"","ocean_post_title_style":"","ocean_post_title_background_color":"","ocean_post_title_background":0,"ocean_post_title_bg_image_position":"","ocean_post_title_bg_image_attachment":"","ocean_post_title_bg_image_repeat":"","ocean_post_title_bg_image_size":"","ocean_post_title_height":0,"ocean_post_title_bg_overlay":0.5,"ocean_post_title_bg_overlay_color":"","ocean_disable_breadcrumbs":"default","ocean_breadcrumbs_color":"","ocean_breadcrumbs_separator_color":"","ocean_breadcrumbs_links_color":"","ocean_breadcrumbs_links_hover_color":"","ocean_display_footer_widgets":"default","ocean_display_footer_bottom":"default","ocean_custom_footer_template":"0"},"product_cat":[34],"product_tag":[],"yoast_head":"<!-- This site is optimized with the Yoast SEO plugin v23.0 - https:\/\/yoast.com\/wordpress\/plugins\/seo\/ -->\n<title>Bracelet pierres naturellesBracelet SNOWFLAKE - Le Grenier d&#039;Isis<\/title>\n<meta name=\"description\" content=\"Le Grenier d&#039;Isis - Bracelet SNOWFLAKE Bracelet de protection en perles d&#039;obsidienne &quot;flocon de neige&quot;. Spiritualit\u00e9, bien-\u00eatre et sant\u00e9.\" \/>\n<meta name=\"robots\" content=\"index, follow, max-snippet:-1, max-image-preview:large, max-video-preview:-1\" \/>\n<link rel=\"canonical\" href=\"https:\/\/grenier-isis.com\/?product=bracelet-obsidienne-flocon-de-neige\" \/>\n<meta property=\"og:locale\" content=\"fr_FR\" \/>\n<meta property=\"og:type\" content=\"article\" \/>\n<meta property=\"og:title\" content=\"Bracelet pierres naturellesBracelet SNOWFLAKE - Le Grenier d&#039;Isis\" \/>\n<meta property=\"og:description\" content=\"Le Grenier d&#039;Isis - Bracelet SNOWFLAKE Bracelet de protection en perles d&#039;obsidienne &quot;flocon de neige&quot;. Spiritualit\u00e9, bien-\u00eatre et sant\u00e9.\" \/>\n<meta property=\"og:url\" content=\"https:\/\/grenier-isis.com\/?product=bracelet-obsidienne-flocon-de-neige\" \/>\n<meta property=\"og:site_name\" content=\"Le Grenier d&#039;Isis\" \/>\n<meta property=\"article:publisher\" content=\"https:\/\/www.facebook.com\/people\/Le-grenier-dIsis\/61563455049460\/?mibextid=LQQJ4d&amp;rdid=io61r7MEn4CStVMk&amp;share_url=httpswww.facebook.comshareXayHLvUfMHxAu5pMmibextidLQQJ4d\" \/>\n<meta property=\"article:modified_time\" content=\"2025-02-27T19:21:09+00:00\" \/>\n<meta property=\"og:image\" content=\"https:\/\/grenier-isis.com\/wp-content\/uploads\/2024\/09\/brac7.jpg\" \/>\n\t<meta property=\"og:image:width\" content=\"1199\" \/>\n\t<meta property=\"og:image:height\" content=\"1106\" \/>\n\t<meta property=\"og:image:type\" content=\"image\/jpeg\" \/>\n<meta name=\"twitter:card\" content=\"summary_large_image\" \/>\n<meta name=\"twitter:label1\" content=\"Dur\u00e9e de lecture estim\u00e9e\" \/>\n\t<meta name=\"twitter:data1\" content=\"1 minute\" \/>\n<script type=\"application\/ld+json\" class=\"yoast-schema-graph\">{\"@context\":\"https:\/\/schema.org\",\"@graph\":[{\"@type\":\"WebPage\",\"@id\":\"https:\/\/grenier-isis.com\/?product=bracelet-obsidienne-flocon-de-neige\",\"url\":\"https:\/\/grenier-isis.com\/?product=bracelet-obsidienne-flocon-de-neige\",\"name\":\"Bracelet pierres naturellesBracelet SNOWFLAKE - Le Grenier d&#039;Isis\",\"isPartOf\":{\"@id\":\"https:\/\/grenier-isis.com\/#website\"},\"primaryImageOfPage\":{\"@id\":\"https:\/\/grenier-isis.com\/?product=bracelet-obsidienne-flocon-de-neige#primaryimage\"},\"image\":{\"@id\":\"https:\/\/grenier-isis.com\/?product=bracelet-obsidienne-flocon-de-neige#primaryimage\"},\"thumbnailUrl\":\"https:\/\/grenier-isis.com\/wp-content\/uploads\/2024\/09\/brac7.jpg\",\"datePublished\":\"2024-09-09T13:08:43+00:00\",\"dateModified\":\"2025-02-27T19:21:09+00:00\",\"description\":\"Le Grenier d&#039;Isis - Bracelet SNOWFLAKE Bracelet de protection en perles d'obsidienne \\\"flocon de neige\\\". Spiritualit\u00e9, bien-\u00eatre et sant\u00e9.\",\"breadcrumb\":{\"@id\":\"https:\/\/grenier-isis.com\/?product=bracelet-obsidienne-flocon-de-neige#breadcrumb\"},\"inLanguage\":\"fr-FR\",\"potentialAction\":[{\"@type\":\"ReadAction\",\"target\":[\"https:\/\/grenier-isis.com\/?product=bracelet-obsidienne-flocon-de-neige\"]}]},{\"@type\":\"ImageObject\",\"inLanguage\":\"fr-FR\",\"@id\":\"https:\/\/grenier-isis.com\/?product=bracelet-obsidienne-flocon-de-neige#primaryimage\",\"url\":\"https:\/\/grenier-isis.com\/wp-content\/uploads\/2024\/09\/brac7.jpg\",\"contentUrl\":\"https:\/\/grenier-isis.com\/wp-content\/uploads\/2024\/09\/brac7.jpg\",\"width\":1199,\"height\":1106,\"caption\":\"Grenier-isis.com - Bracelet obsidienne flocon de neige - pierres naturelles\"},{\"@type\":\"BreadcrumbList\",\"@id\":\"https:\/\/grenier-isis.com\/?product=bracelet-obsidienne-flocon-de-neige#breadcrumb\",\"itemListElement\":[{\"@type\":\"ListItem\",\"position\":1,\"name\":\"Accueil\",\"item\":\"https:\/\/grenier-isis.com\/\"},{\"@type\":\"ListItem\",\"position\":2,\"name\":\"Boutique\",\"item\":\"https:\/\/grenier-isis.com\/?page_id=6\"},{\"@type\":\"ListItem\",\"position\":3,\"name\":\"Bracelet SNOWFLAKE\"}]},{\"@type\":\"WebSite\",\"@id\":\"https:\/\/grenier-isis.com\/#website\",\"url\":\"https:\/\/grenier-isis.com\/\",\"name\":\"Le Grenier d'Isis\",\"description\":\"Spiritualit\u00e9, Guidance et Bien-\u00eatre, Le Grenier d&#039;Isis cr\u00e9e des objets artisanaux en quantit\u00e9 limit\u00e9e.\",\"publisher\":{\"@id\":\"https:\/\/grenier-isis.com\/#organization\"},\"potentialAction\":[{\"@type\":\"SearchAction\",\"target\":{\"@type\":\"EntryPoint\",\"urlTemplate\":\"https:\/\/grenier-isis.com\/?s={search_term_string}\"},\"query-input\":\"required name=search_term_string\"}],\"inLanguage\":\"fr-FR\"},{\"@type\":\"Organization\",\"@id\":\"https:\/\/grenier-isis.com\/#organization\",\"name\":\"Le Grenier d'Isis\",\"url\":\"https:\/\/grenier-isis.com\/\",\"logo\":{\"@type\":\"ImageObject\",\"inLanguage\":\"fr-FR\",\"@id\":\"https:\/\/grenier-isis.com\/#\/schema\/logo\/image\/\",\"url\":\"https:\/\/grenier-isis.com\/wp-content\/uploads\/2024\/07\/FLYER-grenier-isis1.png\",\"contentUrl\":\"https:\/\/grenier-isis.com\/wp-content\/uploads\/2024\/07\/FLYER-grenier-isis1.png\",\"width\":428,\"height\":441,\"caption\":\"Le Grenier d'Isis\"},\"image\":{\"@id\":\"https:\/\/grenier-isis.com\/#\/schema\/logo\/image\/\"},\"sameAs\":[\"https:\/\/www.facebook.com\/people\/Le-grenier-dIsis\/61563455049460\/?mibextid=LQQJ4d&rdid=io61r7MEn4CStVMk&share_url=httpswww.facebook.comshareXayHLvUfMHxAu5pMmibextidLQQJ4d\",\"https:\/\/www.tiktok.com\/@le_grenier_disis\",\"https:\/\/www.instagram.com\/le_grenier_d_isis_?igsh=aDZlbjVrdnNsbTc3&utm_source=qr\",\"https:\/\/www.youtube.com\/@LeGrenierdIsis\"]}]}<\/script>\n<!-- \/ Yoast SEO plugin. -->","yoast_head_json":{"title":"Bracelet pierres naturellesBracelet SNOWFLAKE - Le Grenier d&#039;Isis","description":"Le Grenier d&#039;Isis - Bracelet SNOWFLAKE Bracelet de protection en perles d'obsidienne \"flocon de neige\". Spiritualit\u00e9, bien-\u00eatre et sant\u00e9.","robots":{"index":"index","follow":"follow","max-snippet":"max-snippet:-1","max-image-preview":"max-image-preview:large","max-video-preview":"max-video-preview:-1"},"canonical":"https:\/\/grenier-isis.com\/?product=bracelet-obsidienne-flocon-de-neige","og_locale":"fr_FR","og_type":"article","og_title":"Bracelet pierres naturellesBracelet SNOWFLAKE - Le Grenier d&#039;Isis","og_description":"Le Grenier d&#039;Isis - Bracelet SNOWFLAKE Bracelet de protection en perles d'obsidienne \"flocon de neige\". Spiritualit\u00e9, bien-\u00eatre et sant\u00e9.","og_url":"https:\/\/grenier-isis.com\/?product=bracelet-obsidienne-flocon-de-neige","og_site_name":"Le Grenier d&#039;Isis","article_publisher":"https:\/\/www.facebook.com\/people\/Le-grenier-dIsis\/61563455049460\/?mibextid=LQQJ4d&rdid=io61r7MEn4CStVMk&share_url=httpswww.facebook.comshareXayHLvUfMHxAu5pMmibextidLQQJ4d","article_modified_time":"2025-02-27T19:21:09+00:00","og_image":[{"width":1199,"height":1106,"url":"https:\/\/grenier-isis.com\/wp-content\/uploads\/2024\/09\/brac7.jpg","type":"image\/jpeg"}],"twitter_card":"summary_large_image","twitter_misc":{"Dur\u00e9e de lecture estim\u00e9e":"1 minute"},"schema":{"@context":"https:\/\/schema.org","@graph":[{"@type":"WebPage","@id":"https:\/\/grenier-isis.com\/?product=bracelet-obsidienne-flocon-de-neige","url":"https:\/\/grenier-isis.com\/?product=bracelet-obsidienne-flocon-de-neige","name":"Bracelet pierres naturellesBracelet SNOWFLAKE - Le Grenier d&#039;Isis","isPartOf":{"@id":"https:\/\/grenier-isis.com\/#website"},"primaryImageOfPage":{"@id":"https:\/\/grenier-isis.com\/?product=bracelet-obsidienne-flocon-de-neige#primaryimage"},"image":{"@id":"https:\/\/grenier-isis.com\/?product=bracelet-obsidienne-flocon-de-neige#primaryimage"},"thumbnailUrl":"https:\/\/grenier-isis.com\/wp-content\/uploads\/2024\/09\/brac7.jpg","datePublished":"2024-09-09T13:08:43+00:00","dateModified":"2025-02-27T19:21:09+00:00","description":"Le Grenier d&#039;Isis - Bracelet SNOWFLAKE Bracelet de protection en perles d'obsidienne \"flocon de neige\". Spiritualit\u00e9, bien-\u00eatre et sant\u00e9.","breadcrumb":{"@id":"https:\/\/grenier-isis.com\/?product=bracelet-obsidienne-flocon-de-neige#breadcrumb"},"inLanguage":"fr-FR","potentialAction":[{"@type":"ReadAction","target":["https:\/\/grenier-isis.com\/?product=bracelet-obsidienne-flocon-de-neige"]}]},{"@type":"ImageObject","inLanguage":"fr-FR","@id":"https:\/\/grenier-isis.com\/?product=bracelet-obsidienne-flocon-de-neige#primaryimage","url":"https:\/\/grenier-isis.com\/wp-content\/uploads\/2024\/09\/brac7.jpg","contentUrl":"https:\/\/grenier-isis.com\/wp-content\/uploads\/2024\/09\/brac7.jpg","width":1199,"height":1106,"caption":"Grenier-isis.com - Bracelet obsidienne flocon de neige - pierres naturelles"},{"@type":"BreadcrumbList","@id":"https:\/\/grenier-isis.com\/?product=bracelet-obsidienne-flocon-de-neige#breadcrumb","itemListElement":[{"@type":"ListItem","position":1,"name":"Accueil","item":"https:\/\/grenier-isis.com\/"},{"@type":"ListItem","position":2,"name":"Boutique","item":"https:\/\/grenier-isis.com\/?page_id=6"},{"@type":"ListItem","position":3,"name":"Bracelet SNOWFLAKE"}]},{"@type":"WebSite","@id":"https:\/\/grenier-isis.com\/#website","url":"https:\/\/grenier-isis.com\/","name":"Le Grenier d'Isis","description":"Spiritualit\u00e9, Guidance et Bien-\u00eatre, Le Grenier d&#039;Isis cr\u00e9e des objets artisanaux en quantit\u00e9 limit\u00e9e.","publisher":{"@id":"https:\/\/grenier-isis.com\/#organization"},"potentialAction":[{"@type":"SearchAction","target":{"@type":"EntryPoint","urlTemplate":"https:\/\/grenier-isis.com\/?s={search_term_string}"},"query-input":"required name=search_term_string"}],"inLanguage":"fr-FR"},{"@type":"Organization","@id":"https:\/\/grenier-isis.com\/#organization","name":"Le Grenier d'Isis","url":"https:\/\/grenier-isis.com\/","logo":{"@type":"ImageObject","inLanguage":"fr-FR","@id":"https:\/\/grenier-isis.com\/#\/schema\/logo\/image\/","url":"https:\/\/grenier-isis.com\/wp-content\/uploads\/2024\/07\/FLYER-grenier-isis1.png","contentUrl":"https:\/\/grenier-isis.com\/wp-content\/uploads\/2024\/07\/FLYER-grenier-isis1.png","width":428,"height":441,"caption":"Le Grenier d'Isis"},"image":{"@id":"https:\/\/grenier-isis.com\/#\/schema\/logo\/image\/"},"sameAs":["https:\/\/www.facebook.com\/people\/Le-grenier-dIsis\/61563455049460\/?mibextid=LQQJ4d&rdid=io61r7MEn4CStVMk&share_url=httpswww.facebook.comshareXayHLvUfMHxAu5pMmibextidLQQJ4d","https:\/\/www.tiktok.com\/@le_grenier_disis","https:\/\/www.instagram.com\/le_grenier_d_isis_?igsh=aDZlbjVrdnNsbTc3&utm_source=qr","https:\/\/www.youtube.com\/@LeGrenierdIsis"]}]}},"_links":{"self":[{"href":"https:\/\/grenier-isis.com\/index.php?rest_route=\/wp\/v2\/product\/646"}],"collection":[{"href":"https:\/\/grenier-isis.com\/index.php?rest_route=\/wp\/v2\/product"}],"about":[{"href":"https:\/\/grenier-isis.com\/index.php?rest_route=\/wp\/v2\/types\/product"}],"replies":[{"embeddable":true,"href":"https:\/\/grenier-isis.com\/index.php?rest_route=%2Fwp%2Fv2%2Fcomments&post=646"}],"wp:featuredmedia":[{"embeddable":true,"href":"https:\/\/grenier-isis.com\/index.php?rest_route=\/wp\/v2\/media\/635"}],"wp:attachment":[{"href":"https:\/\/grenier-isis.com\/index.php?rest_route=%2Fwp%2Fv2%2Fmedia&parent=646"}],"wp:term":[{"taxonomy":"product_cat","embeddable":true,"href":"https:\/\/grenier-isis.com\/index.php?rest_route=%2Fwp%2Fv2%2Fproduct_cat&post=646"},{"taxonomy":"product_tag","embeddable":true,"href":"https:\/\/grenier-isis.com\/index.php?rest_route=%2Fwp%2Fv2%2Fproduct_tag&post=646"}],"curies":[{"name":"wp","href":"https:\/\/api.w.org\/{rel}","templated":true}]}}